{"id":18,"date":"2024-02-26T06:41:25","date_gmt":"2024-02-26T06:41:25","guid":{"rendered":"https:\/\/canavciturizm.com\/?page_id=18"},"modified":"2024-02-27T09:41:55","modified_gmt":"2024-02-27T09:41:55","slug":"hakkimizda","status":"publish","type":"page","link":"https:\/\/canavciturizm.com\/index.php\/hakkimizda\/","title":{"rendered":"Hakk\u0131m\u0131zda"},"content":{"rendered":"\t\t<div data-elementor-type=\"wp-page\" data-elementor-id=\"18\" class=\"elementor elementor-18\">\n\t\t\t\t\t\t<section class=\"elementor-section elementor-top-section elementor-element elementor-element-23e16640 elementor-section-boxed elementor-section-height-default elementor-section-height-default wpr-particle-no wpr-jarallax-no wpr-parallax-no wpr-sticky-section-no\" data-id=\"23e16640\" data-element_type=\"section\" data-settings=\"{&quot;background_background&quot;:&quot;classic&quot;}\">\n\t\t\t\t\t\t\t<div class=\"elementor-background-overlay\"><\/div>\n\t\t\t\t\t\t\t<div class=\"elementor-container elementor-column-gap-default\">\n\t\t\t\t\t<div class=\"elementor-column elementor-col-100 elementor-top-column elementor-element elementor-element-76b4c70b\" data-id=\"76b4c70b\" data-element_type=\"column\">\n\t\t\t<div class=\"elementor-widget-wrap elementor-element-populated\">\n\t\t\t\t\t\t<div class=\"elementor-element elementor-element-6af0a735 elementor-widget elementor-widget-heading\" data-id=\"6af0a735\" data-element_type=\"widget\" data-widget_type=\"heading.default\">\n\t\t\t\t<div class=\"elementor-widget-container\">\n\t\t\t\t\t<h2 class=\"elementor-heading-title elementor-size-default\">Hakk\u0131m\u0131zda<\/h2>\t\t\t\t<\/div>\n\t\t\t\t<\/div>\n\t\t\t\t\t<\/div>\n\t\t<\/div>\n\t\t\t\t\t<\/div>\n\t\t<\/section>\n\t\t\t\t<section class=\"elementor-section elementor-top-section elementor-element elementor-element-70b51d9 elementor-section-boxed elementor-section-height-default elementor-section-height-default wpr-particle-no wpr-jarallax-no wpr-parallax-no wpr-sticky-section-no\" data-id=\"70b51d9\" data-element_type=\"section\">\n\t\t\t\t\t\t<div class=\"elementor-container elementor-column-gap-default\">\n\t\t\t\t\t<div class=\"elementor-column elementor-col-50 elementor-top-column elementor-element elementor-element-1e33b6d4\" data-id=\"1e33b6d4\" data-element_type=\"column\">\n\t\t\t<div class=\"elementor-widget-wrap elementor-element-populated\">\n\t\t\t\t\t\t<div class=\"elementor-element elementor-element-2c01b94d elementor-widget elementor-widget-heading\" data-id=\"2c01b94d\" data-element_type=\"widget\" data-widget_type=\"heading.default\">\n\t\t\t\t<div class=\"elementor-widget-container\">\n\t\t\t\t\t<h2 class=\"elementor-heading-title elementor-size-default\">Neler Yap\u0131yoruz<\/h2>\t\t\t\t<\/div>\n\t\t\t\t<\/div>\n\t\t\t\t<div class=\"elementor-element elementor-element-4d48ae5a elementor-widget-divider--view-line elementor-widget elementor-widget-divider\" data-id=\"4d48ae5a\" data-element_type=\"widget\" data-widget_type=\"divider.default\">\n\t\t\t\t<div class=\"elementor-widget-container\">\n\t\t\t\t\t\t\t<div class=\"elementor-divider\">\n\t\t\t<span class=\"elementor-divider-separator\">\n\t\t\t\t\t\t<\/span>\n\t\t<\/div>\n\t\t\t\t\t\t<\/div>\n\t\t\t\t<\/div>\n\t\t\t\t<div class=\"elementor-element elementor-element-4038978d elementor-widget elementor-widget-text-editor\" data-id=\"4038978d\" data-element_type=\"widget\" data-widget_type=\"text-editor.default\">\n\t\t\t\t<div class=\"elementor-widget-container\">\n\t\t\t\t\t\t\t\t\t<p>Biz d\u00fcnya genelinde unutulmaz seyahat deneyimleri sunan bir turizm \u015firketiz. Y\u0131llar\u0131n birikimi, uzman kadromuz ve \u00f6zverili hizmet anlay\u0131\u015f\u0131m\u0131zla, m\u00fc\u015fterilerimize e\u015fsiz destinasyonlarda unutulmaz anlar ya\u015fatmay\u0131 hedefliyoruz. Biz o seyahat tutkunlar\u0131na \u00f6zel, \u00f6zg\u00fcn ve kaliteli tur paketleri sunarak, d\u00fcnya \u00e7ap\u0131nda tan\u0131nan bir marka olmay\u0131 ama\u00e7l\u0131yoruz.<\/p>\t\t\t\t\t\t\t\t<\/div>\n\t\t\t\t<\/div>\n\t\t\t\t<div class=\"elementor-element elementor-element-155c2fbf wpr-button-icon-style-inline wpr-button-icon-position-right elementor-widget elementor-widget-wpr-button\" data-id=\"155c2fbf\" data-element_type=\"widget\" data-widget_type=\"wpr-button.default\">\n\t\t\t\t<div class=\"elementor-widget-container\">\n\t\t\t\t\t\t\n\t\t\t\n\t\t\n\t\t<div class=\"wpr-button-wrap elementor-clearfix\">\n\t\t<a class=\"wpr-button wpr-button-effect wpr-button-none\" data-text=\"\" href=\"https:\/\/canavciturizm.com\/index.php\/iletisim\/\">\n\t\t\t\n\t\t\t<span class=\"wpr-button-content\">\n\t\t\t\t\t\t\t\t\t<span class=\"wpr-button-text\">Bize Ula\u015f\u0131n<\/span>\n\t\t\t\t\t\t\t\t\n\t\t\t\t\t\t\t<\/span>\n\t\t<\/a>\n\n\t\t\t\t<\/div>\n\t\n\t\n\t\t\t\t\t<\/div>\n\t\t\t\t<\/div>\n\t\t\t\t\t<\/div>\n\t\t<\/div>\n\t\t\t\t<div class=\"elementor-column elementor-col-50 elementor-top-column elementor-element elementor-element-4dfafedc\" data-id=\"4dfafedc\" data-element_type=\"column\">\n\t\t\t<div class=\"elementor-widget-wrap elementor-element-populated\">\n\t\t\t\t\t\t<div class=\"elementor-element elementor-element-e1fa731 elementor-widget elementor-widget-image\" data-id=\"e1fa731\" data-element_type=\"widget\" data-widget_type=\"image.default\">\n\t\t\t\t<div class=\"elementor-widget-container\">\n\t\t\t\t\t\t\t\t\t\t\t\t\t\t\t<img fetchpriority=\"high\" decoding=\"async\" width=\"800\" height=\"800\" src=\"https:\/\/canavciturizm.com\/wp-content\/uploads\/2024\/02\/WhatsApp-Image-2024-02-23-at-15.43.17-1024x1024.jpeg\" class=\"attachment-large size-large wp-image-94\" alt=\"\" srcset=\"https:\/\/canavciturizm.com\/wp-content\/uploads\/2024\/02\/WhatsApp-Image-2024-02-23-at-15.43.17-1024x1024.jpeg 1024w, https:\/\/canavciturizm.com\/wp-content\/uploads\/2024\/02\/WhatsApp-Image-2024-02-23-at-15.43.17-300x300.jpeg 300w, https:\/\/canavciturizm.com\/wp-content\/uploads\/2024\/02\/WhatsApp-Image-2024-02-23-at-15.43.17-150x150.jpeg 150w, https:\/\/canavciturizm.com\/wp-content\/uploads\/2024\/02\/WhatsApp-Image-2024-02-23-at-15.43.17-768x768.jpeg 768w, https:\/\/canavciturizm.com\/wp-content\/uploads\/2024\/02\/WhatsApp-Image-2024-02-23-at-15.43.17.jpeg 1080w\" sizes=\"(max-width: 800px) 100vw, 800px\" \/>\t\t\t\t\t\t\t\t\t\t\t\t\t\t\t<\/div>\n\t\t\t\t<\/div>\n\t\t\t\t\t<\/div>\n\t\t<\/div>\n\t\t\t\t\t<\/div>\n\t\t<\/section>\n\t\t\t\t<section class=\"elementor-section elementor-top-section elementor-element elementor-element-281e2e80 elementor-section-boxed elementor-section-height-default elementor-section-height-default wpr-particle-no wpr-jarallax-no wpr-parallax-no wpr-sticky-section-no\" data-id=\"281e2e80\" data-element_type=\"section\">\n\t\t\t\t\t\t<div class=\"elementor-container elementor-column-gap-wide\">\n\t\t\t\t\t<div class=\"elementor-column elementor-col-50 elementor-top-column elementor-element elementor-element-b629d25\" data-id=\"b629d25\" data-element_type=\"column\">\n\t\t\t<div class=\"elementor-widget-wrap elementor-element-populated\">\n\t\t\t\t\t\t<div class=\"elementor-element elementor-element-4d1ce87 elementor-widget elementor-widget-image\" data-id=\"4d1ce87\" data-element_type=\"widget\" data-widget_type=\"image.default\">\n\t\t\t\t<div class=\"elementor-widget-container\">\n\t\t\t\t\t\t\t\t\t\t\t\t\t\t\t<img decoding=\"async\" width=\"800\" height=\"800\" src=\"https:\/\/canavciturizm.com\/wp-content\/uploads\/2024\/02\/WhatsApp-Image-2024-02-23-at-15.43.16-1-1-1024x1024.jpeg\" class=\"attachment-large size-large wp-image-99\" alt=\"\" srcset=\"https:\/\/canavciturizm.com\/wp-content\/uploads\/2024\/02\/WhatsApp-Image-2024-02-23-at-15.43.16-1-1-1024x1024.jpeg 1024w, https:\/\/canavciturizm.com\/wp-content\/uploads\/2024\/02\/WhatsApp-Image-2024-02-23-at-15.43.16-1-1-300x300.jpeg 300w, https:\/\/canavciturizm.com\/wp-content\/uploads\/2024\/02\/WhatsApp-Image-2024-02-23-at-15.43.16-1-1-150x150.jpeg 150w, https:\/\/canavciturizm.com\/wp-content\/uploads\/2024\/02\/WhatsApp-Image-2024-02-23-at-15.43.16-1-1-768x768.jpeg 768w, https:\/\/canavciturizm.com\/wp-content\/uploads\/2024\/02\/WhatsApp-Image-2024-02-23-at-15.43.16-1-1.jpeg 1080w\" sizes=\"(max-width: 800px) 100vw, 800px\" \/>\t\t\t\t\t\t\t\t\t\t\t\t\t\t\t<\/div>\n\t\t\t\t<\/div>\n\t\t\t\t\t<\/div>\n\t\t<\/div>\n\t\t\t\t<div class=\"elementor-column elementor-col-50 elementor-top-column elementor-element elementor-element-1295447a\" data-id=\"1295447a\" data-element_type=\"column\">\n\t\t\t<div class=\"elementor-widget-wrap elementor-element-populated\">\n\t\t\t\t\t\t<div class=\"elementor-element elementor-element-595671a5 elementor-widget-divider--view-line elementor-widget elementor-widget-divider\" data-id=\"595671a5\" data-element_type=\"widget\" data-widget_type=\"divider.default\">\n\t\t\t\t<div class=\"elementor-widget-container\">\n\t\t\t\t\t\t\t<div class=\"elementor-divider\">\n\t\t\t<span class=\"elementor-divider-separator\">\n\t\t\t\t\t\t<\/span>\n\t\t<\/div>\n\t\t\t\t\t\t<\/div>\n\t\t\t\t<\/div>\n\t\t\t\t<div class=\"elementor-element elementor-element-69eae952 elementor-widget elementor-widget-text-editor\" data-id=\"69eae952\" data-element_type=\"widget\" data-widget_type=\"text-editor.default\">\n\t\t\t\t<div class=\"elementor-widget-container\">\n\t\t\t\t\t\t\t\t\t<p>Hayalinizdeki seyahati ger\u00e7e\u011fe d\u00f6n\u00fc\u015ft\u00fcrmek, konfor ve g\u00fcvenle yolculuk etmek istiyorsan\u0131z, Can Avc\u0131 Turizm\u00a0 sizin i\u00e7in burada! Uzman kadromuz, sekt\u00f6rdeki deneyimimizle birle\u015ferek, personel ve turizm ta\u015f\u0131mac\u0131l\u0131\u011f\u0131nda yeni bir standart belirliyoruz.<\/p>\t\t\t\t\t\t\t\t<\/div>\n\t\t\t\t<\/div>\n\t\t\t\t\t<\/div>\n\t\t<\/div>\n\t\t\t\t\t<\/div>\n\t\t<\/section>\n\t\t\t\t<section class=\"elementor-section elementor-top-section elementor-element elementor-element-6d022afd elementor-section-height-min-height elementor-section-boxed elementor-section-height-default elementor-section-items-middle wpr-particle-no wpr-jarallax-no wpr-parallax-no wpr-sticky-section-no\" data-id=\"6d022afd\" data-element_type=\"section\" data-settings=\"{&quot;background_background&quot;:&quot;classic&quot;}\">\n\t\t\t\t\t\t\t<div class=\"elementor-background-overlay\"><\/div>\n\t\t\t\t\t\t\t<div class=\"elementor-container elementor-column-gap-default\">\n\t\t\t\t\t<div class=\"elementor-column elementor-col-50 elementor-top-column elementor-element elementor-element-1289bc4c elementor-hidden-tablet elementor-hidden-mobile\" data-id=\"1289bc4c\" data-element_type=\"column\">\n\t\t\t<div class=\"elementor-widget-wrap\">\n\t\t\t\t\t\t\t<\/div>\n\t\t<\/div>\n\t\t\t\t<div class=\"elementor-column elementor-col-50 elementor-top-column elementor-element elementor-element-76fa4006\" data-id=\"76fa4006\" data-element_type=\"column\">\n\t\t\t<div class=\"elementor-widget-wrap elementor-element-populated\">\n\t\t\t\t\t\t<div class=\"elementor-element elementor-element-6e4d2c32 elementor-widget elementor-widget-heading\" data-id=\"6e4d2c32\" data-element_type=\"widget\" data-widget_type=\"heading.default\">\n\t\t\t\t<div class=\"elementor-widget-container\">\n\t\t\t\t\t<h2 class=\"elementor-heading-title elementor-size-default\">\nEn \u0130yi Deneyimi Bizimle Ya\u015fay\u0131n<\/h2>\t\t\t\t<\/div>\n\t\t\t\t<\/div>\n\t\t\t\t<div class=\"elementor-element elementor-element-852ba14 elementor-widget-divider--view-line elementor-widget elementor-widget-divider\" data-id=\"852ba14\" data-element_type=\"widget\" data-widget_type=\"divider.default\">\n\t\t\t\t<div class=\"elementor-widget-container\">\n\t\t\t\t\t\t\t<div class=\"elementor-divider\">\n\t\t\t<span class=\"elementor-divider-separator\">\n\t\t\t\t\t\t<\/span>\n\t\t<\/div>\n\t\t\t\t\t\t<\/div>\n\t\t\t\t<\/div>\n\t\t\t\t<div class=\"elementor-element elementor-element-7d3264ea elementor-widget elementor-widget-text-editor\" data-id=\"7d3264ea\" data-element_type=\"widget\" data-widget_type=\"text-editor.default\">\n\t\t\t\t<div class=\"elementor-widget-container\">\n\t\t\t\t\t\t\t\t\t<p>Misyonumuz, m\u00fc\u015fteri memnuniyetini en \u00fcst d\u00fczeye \u00e7\u0131karmak ve seyahat tutkunlar\u0131na unutulmaz an\u0131lar ya\u015fatmakt\u0131r. Bu amac\u0131 ger\u00e7ekle\u015ftirmek i\u00e7in, \u00f6zenle se\u00e7ilmi\u015f destinasyonlar, deneyimli rehberler ve \u00f6zelle\u015ftirilebilir tur paketleri sunuyoruz. S\u00fcrd\u00fcr\u00fclebilir turizme ve yerel topluluklara olan sorumlulu\u011fumuzu \u00f6n planda tutarak, do\u011fal ve k\u00fclt\u00fcrel varl\u0131klar\u0131 koruma \u00e7abalar\u0131na katk\u0131da bulunuyoruz. Biz seyahat etmeyi bir ya\u015fam tarz\u0131 haline getiren herkesi destekleyerek, d\u00fcnya \u00fczerindeki \u00e7e\u015fitlili\u011fi kutlamay\u0131 ve birle\u015ftirmeyi ama\u00e7l\u0131yoruz.<\/p>\t\t\t\t\t\t\t\t<\/div>\n\t\t\t\t<\/div>\n\t\t\t\t\t<\/div>\n\t\t<\/div>\n\t\t\t\t\t<\/div>\n\t\t<\/section>\n\t\t\t\t<\/div>\n\t\t","protected":false},"excerpt":{"rendered":"<p>Hakk\u0131m\u0131zda Neler Yap\u0131yoruz Biz d\u00fcnya genelinde unutulmaz seyahat deneyimleri sunan bir turizm \u015firketiz. Y\u0131llar\u0131n birikimi, uzman kadromuz ve \u00f6zverili hizmet anlay\u0131\u015f\u0131m\u0131zla, m\u00fc\u015fterilerimize e\u015fsiz destinasyonlarda unutulmaz anlar ya\u015fatmay\u0131 hedefliyoruz. Biz o seyahat tutkunlar\u0131na \u00f6zel, \u00f6zg\u00fcn ve kaliteli tur paketleri sunarak, d\u00fcnya \u00e7ap\u0131nda tan\u0131nan bir marka olmay\u0131 ama\u00e7l\u0131yoruz. Bize Ula\u015f\u0131n Hayalinizdeki seyahati ger\u00e7e\u011fe d\u00f6n\u00fc\u015ft\u00fcrmek, konfor ve g\u00fcvenle yolculuk etmek istiyorsan\u0131z, Can Avc\u0131 Turizm\u00a0 sizin i\u00e7in burada! Uzman kadromuz, sekt\u00f6rdeki deneyimimizle birle\u015ferek, personel ve turizm ta\u015f\u0131mac\u0131l\u0131\u011f\u0131nda yeni bir standart belirliyoruz. En \u0130yi Deneyimi Bizimle Ya\u015fay\u0131n Misyonumuz, m\u00fc\u015fteri memnuniyetini en \u00fcst d\u00fczeye \u00e7\u0131karmak ve seyahat tutkunlar\u0131na unutulmaz an\u0131lar ya\u015fatmakt\u0131r. Bu amac\u0131 ger\u00e7ekle\u015ftirmek i\u00e7in, \u00f6zenle se\u00e7ilmi\u015f destinasyonlar, deneyimli rehberler ve \u00f6zelle\u015ftirilebilir tur paketleri sunuyoruz. S\u00fcrd\u00fcr\u00fclebilir turizme ve yerel topluluklara olan sorumlulu\u011fumuzu \u00f6n planda tutarak, do\u011fal ve k\u00fclt\u00fcrel varl\u0131klar\u0131 koruma \u00e7abalar\u0131na katk\u0131da bulunuyoruz. Biz seyahat etmeyi bir ya\u015fam tarz\u0131 haline getiren herkesi destekleyerek, d\u00fcnya \u00fczerindeki \u00e7e\u015fitlili\u011fi kutlamay\u0131 ve birle\u015ftirmeyi ama\u00e7l\u0131yoruz.<\/p>\n","protected":false},"author":1,"featured_media":0,"parent":0,"menu_order":0,"comment_status":"closed","ping_status":"closed","template":"","meta":{"footnotes":""},"class_list":["post-18","page","type-page","status-publish","hentry"],"_links":{"self":[{"href":"https:\/\/canavciturizm.com\/index.php\/wp-json\/wp\/v2\/pages\/18","targetHints":{"allow":["GET"]}}],"collection":[{"href":"https:\/\/canavciturizm.com\/index.php\/wp-json\/wp\/v2\/pages"}],"about":[{"href":"https:\/\/canavciturizm.com\/index.php\/wp-json\/wp\/v2\/types\/page"}],"author":[{"embeddable":true,"href":"https:\/\/canavciturizm.com\/index.php\/wp-json\/wp\/v2\/users\/1"}],"replies":[{"embeddable":true,"href":"https:\/\/canavciturizm.com\/index.php\/wp-json\/wp\/v2\/comments?post=18"}],"version-history":[{"count":46,"href":"https:\/\/canavciturizm.com\/index.php\/wp-json\/wp\/v2\/pages\/18\/revisions"}],"predecessor-version":[{"id":422,"href":"https:\/\/canavciturizm.com\/index.php\/wp-json\/wp\/v2\/pages\/18\/revisions\/422"}],"wp:attachment":[{"href":"https:\/\/canavciturizm.com\/index.php\/wp-json\/wp\/v2\/media?parent=18"}],"curies":[{"name":"wp","href":"https:\/\/api.w.org\/{rel}","templated":true}]}}